f 31230668.
2, 7, 1115381
List the prime factors of 56268572.
2, 17, 349, 2371
What are the prime factors of 80748068?
2, 47, 429511
List the prime factors of 176315888.
2, 7, 1574249
List the prime factors of 1168382019.
3, 7, 7948177
List the prime factors of 71546584.
2, 8943323
What are the prime factors of 410083216?
2, 25630201
List the prime factors of 770225890.
2, 5, 7, 43, 83, 3083
What are the prime factors of 41064093?
3, 7, 651811
List the prime factors of 60263501.
557, 108193
List the prime factors of 4178634.
2, 3, 17, 71, 577
List the prime factors of 186929026.
2, 191, 489343
List the prime factors of 2314387914.
2, 3, 197, 463, 4229
List the prime factors of 532646684.
2, 19, 137, 51157
What are the prime factors of 618053362?
2, 43, 7186667
List the prime factors of 436398933.
3, 145466311
List the prime factors of 557065985.
5, 7, 15916171
List the prime factors of 3097071593.
7, 11, 373, 9803
What are the prime factors of 3610813072?
2, 313, 373, 1933
What are the prime factors of 21450527?
7, 3064361
What are the prime factors of 1279745579?
7, 53, 3449449
What are the prime factors of 88284341?
1901, 46441
What are the prime factors of 108086068?
2, 17, 1589501
What are the prime factors of 13123208?
2, 7, 234343
What are the prime factors of 2664416121?
3, 15263, 58189
What are the prime factors of 127026310?
2, 5, 12702631
What are the prime factors of 53239876?
2, 103, 129223
What are the prime factors of 332051409?
3, 36894601
What are the prime factors of 4989514936?
2, 7, 23, 3873847
List the prime factors of 35215675.
5, 11, 37, 3461
What are the prime factors of 174755699?
17, 37, 59, 277
What are the prime factors of 252390338?
2, 19, 6641851
What are the prime factors of 496688753?
11, 45153523
List the prime factors of 5244193323.
3, 17881, 32587
What are the prime factors of 163184042?
2, 7, 1319, 8837
List the prime factors of 364107148.
2, 5657, 16091
What are the prime factors of 86191768?
2, 13, 17, 48751
What are the prime factors of 54101249?
73, 311, 2383
What are the prime factors of 8870066?
2, 1901, 2333
What are the prime factors of 1061852226?
2, 3, 29, 6102599
What are the prime factors of 244921684?
2, 7, 1549, 5647
List the prime factors of 809431836.
2, 3, 67452653
List the prime factors of 174292157.
13, 1297, 10337
What are the prime factors of 124313108?
2, 113, 229, 1201
List the prime factors of 143616090.
2, 3, 5, 227, 21089
List the prime factors of 1348425062.
2, 5051, 133481
List the prime factors of 2481186002.
2, 29, 1283, 33343
What are the prime factors of 1680438221?
7, 11, 21823873
List the prime factors of 8936057429.
13, 17, 79, 511831
What are the prime factors of 50852489?
50852489
What are the prime factors of 1576781212?
2, 17, 83, 337, 829
List the prime factors of 47586620.
2, 5, 2379331
List the prime factors of 3008557710.
2, 3, 5, 4507, 7417
List the prime factors of 4730341.
7, 11, 23, 2671
What are the prime factors of 99313208?
2, 241, 51511
List the prime factors of 406557204.
2, 3, 3929, 8623
List the prime factors of 2172811518.
2, 3, 23, 1483, 3539
What are the prime factors of 540387000?
2, 3, 5, 97, 619
What are the prime factors of 40015805?
5, 19, 281, 1499
What are the prime factors of 209025213?
3, 19, 103, 35603
List the prime factors of 1157527242.
2, 3, 67, 353, 2719
What are the prime factors of 419752055?
5, 41, 2047571
What are the prime factors of 12059687?
1531, 7877
What are the prime factors of 3965652594?
2, 3, 17, 23, 41, 509
List the prime factors of 2165319377.
13, 166563029
List the prime factors of 94831762.
2, 59, 803659
List the prime factors of 4549931800.
2, 5, 29, 784471
What are the prime factors of 2135188966?
2, 617, 1730299
List the prime factors of 34595131.
34595131
List the prime factors of 131872385.
5, 167, 157931
List the prime factors of 142038998.
2, 79, 898981
List the prime factors of 82793301.
3, 27597767
What are the prime factors of 37860633?
3, 4206737
List the prime factors of 2401198586.
2, 1200599293
List the prime factors of 633991409.
633991409
List the prime factors of 32622552.
2, 3, 41, 43, 257
List the prime factors of 259211076.
2, 3, 89, 163, 1489
What are the prime factors of 437039644?
2, 157, 487, 1429
List the prime factors of 161095170.
2, 3, 5, 193, 27823
List the prime factors of 690339123.
3, 67, 277, 4133
List the prime factors of 190936353.
3, 103, 617917
List the prime factors of 114221254.
2, 7, 53, 21991
List the prime factors of 69269879.
7, 201953
List the prime factors of 371934635.
5, 73, 1018999
List the prime factors of 237310976.
2, 7, 33107
What are the prime factors of 99771686?
2, 7, 7126549
What are the prime factors of 40505529?
3, 157, 85999
List the prime factors of 68869401.
3, 2239, 10253
What are the prime factors of 375676558?
2, 187838279
List the prime factors of 8047512.
2, 3, 11, 1129
List the prime factors of 4114912654.
2, 2057456327
List the prime factors of 849627046.
2, 3461, 122743
List the prime factors of 8285785903.
23, 360251561
What are the prime factors of 341883713?
341883713
What are the prime factors of 609843847?
47, 12975401
What are the prime factors of 83666470?
2, 5, 8366647
List the prime factors of 4720524880.
2, 5, 29, 2034709
List the prime factors of 119276600.
2, 5, 47, 12689
List the prime factors of 5069036163.
3, 19, 2129, 41771
List the prime factors of 23853114.
2, 3, 1325173
List the prime factors of 24475230.
2, 3, 5, 13, 19, 367
What are the prime factors of 1311335762?
2, 11, 983, 60637
What are the prime factors of 13900082?
2, 7, 992863
What are the prime factors of 1327678368?
2, 3, 811, 17053
What are the prime factors of 4601368473?
3, 13, 117983807
What are the prime factors of 489994243?
2953, 165931
List the prime factors of 3029005672.
2, 7, 11, 4917217
What are the prime factors of 241773032?
2, 59, 223, 2297
What are the prime factors of 1178169439?
499, 1109, 2129
What are the prime factors of 2184974188?
2, 229, 2385343
What are the prime factors of 2370495552?
2, 3, 23, 23339
List the prime factors of 3163887385.
5, 29, 41, 532193
What are the prime factors of 5435845943?
11, 53, 67, 317, 439
List the prime factors of 95339419.
7, 13619917
List the prime factors of 232931256.
2, 3, 109, 89041
List the prime factors of 1685545756.
2, 349, 401, 3011
List the prime factors of 3162848641.
3389, 933269
List the prime factors of 1076742191.
7, 153820313
List the prime factors of 73027130.
2, 5, 11, 60353
What are the prime factors of 3207702505?
5, 7, 379, 241817
What are the prime factors of 3692769201?
3, 11, 29, 37, 34763
What are the prime factors of 992256465?
3, 5, 373, 177347
What are the prime factors of 125815706?
2, 62907853
List the prime factors of 203062705.
5, 17, 557, 4289
What are the prime factors of 49755250?
2, 5, 199021
List the prime factors of 378892737.
3, 19, 43, 227
What are the prime factors of 1262577030?
2, 3, 5, 11, 13, 22639
What are the prime factors of 40086559?
40086559
What are the prime factors of 7265522920?
2, 5, 607, 299239
What are the prime factors of 45292273?
13, 3484021
List the prime factors of 2387586314.
2, 643, 1856599
List the prime factors of 6020165215.
5, 1181, 1019503
List the prime factors of 25557022.
2, 41, 227, 1373
List the prime factors of 485281694.
2, 17, 14272991
What are the prime factors of 448728778?
2, 2237, 100297
What are the prime factors of 52788199?
167, 316097
List the prime factors of 139272624.
2, 3, 967171
List the prime factors of 79092141.
3, 1163, 22669
List the prime factors of 24454592.
2, 382103
What are the prime factors of 9780527?
1129, 8663
List the prime factors of 3476792008.
2, 434599001
List the prime factors of 573478829.
7, 11, 7447777
List the prime factors of 3269339918.
2, 13, 19, 31, 41, 127
List the prime factors of 1045259801.
601, 1739201
What are the prime factors of 82297909?
67, 1228327
List the prime factors of 2692547083.
21799, 123517
List the prime factors of 4696286858.
2, 53, 131, 338203
What are the prime factors of 1751505113?
1751505113
List the prime factors of 1913169079.
6323, 302573
What are the prime factors of 264130966?
2, 11, 12005953
List the prime factors of 476886136.
2, 59610767
What are the prime factors